{"id":52415,"date":"2025-08-20T14:43:20","date_gmt":"2025-08-20T12:43:20","guid":{"rendered":"https:\/\/lesjardinsdevoltaire.fr\/?post_type=tribe_events&#038;p=52415"},"modified":"2025-08-20T14:43:20","modified_gmt":"2025-08-20T12:43:20","slug":"atelier-participatif-de-permaculture-adultes-11","status":"publish","type":"tribe_events","link":"https:\/\/lesjardinsdevoltaire.fr\/index.php\/event\/atelier-participatif-de-permaculture-adultes-11\/","title":{"rendered":"Atelier participatif de permaculture (Adultes)"},"content":{"rendered":"<p align=\"left\">Atelier bouturage et marcottage aux Jardins de Voltaire, dans le respect des valeurs de la permaculture. Ces ateliers sont anim\u00e9s par Daniel, qui nous guide avec passion gr\u00e2ce \u00e0 ses pr\u00e9cieuses connaissances.<\/p>\n<p>Gratuit et ouvert au public (pensez a prendre vos bottes, vos gants et votre amour de la nature)<\/p>\n","protected":false},"excerpt":{"rendered":"<p>Atelier bouturage et marcottage aux Jardins de Voltaire, dans le respect des valeurs de la permaculture. Ces ateliers sont anim\u00e9s par Daniel, qui nous guide avec passion gr\u00e2ce \u00e0 ses&#8230;<\/p>\n","protected":false},"author":1,"featured_media":0,"template":"","meta":{"_kadence_starter_templates_imported_post":false,"_kad_post_transparent":"","_kad_post_title":"","_kad_post_layout":"","_kad_post_sidebar_id":"","_kad_post_content_style":"","_kad_post_vertical_padding":"","_kad_post_feature":"","_kad_post_feature_position":"","_kad_post_header":false,"_kad_post_footer":false,"_tribe_events_status":"","_tribe_events_status_reason":"","footnotes":""},"tags":[],"tribe_events_cat":[],"class_list":["post-52415","tribe_events","type-tribe_events","status-publish","hentry"],"_links":{"self":[{"href":"https:\/\/lesjardinsdevoltaire.fr\/index.php\/wp-json\/wp\/v2\/tribe_events\/52415","targetHints":{"allow":["GET"]}}],"collection":[{"href":"https:\/\/lesjardinsdevoltaire.fr\/index.php\/wp-json\/wp\/v2\/tribe_events"}],"about":[{"href":"https:\/\/lesjardinsdevoltaire.fr\/index.php\/wp-json\/wp\/v2\/types\/tribe_events"}],"author":[{"embeddable":true,"href":"https:\/\/lesjardinsdevoltaire.fr\/index.php\/wp-json\/wp\/v2\/users\/1"}],"version-history":[{"count":1,"href":"https:\/\/lesjardinsdevoltaire.fr\/index.php\/wp-json\/wp\/v2\/tribe_events\/52415\/revisions"}],"predecessor-version":[{"id":52416,"href":"https:\/\/lesjardinsdevoltaire.fr\/index.php\/wp-json\/wp\/v2\/tribe_events\/52415\/revisions\/52416"}],"wp:attachment":[{"href":"https:\/\/lesjardinsdevoltaire.fr\/index.php\/wp-json\/wp\/v2\/media?parent=52415"}],"wp:term":[{"taxonomy":"post_tag","embeddable":true,"href":"https:\/\/lesjardinsdevoltaire.fr\/index.php\/wp-json\/wp\/v2\/tags?post=52415"},{"taxonomy":"tribe_events_cat","embeddable":true,"href":"https:\/\/lesjardinsdevoltaire.fr\/index.php\/wp-json\/wp\/v2\/tribe_events_cat?post=52415"}],"curies":[{"name":"wp","href":"https:\/\/api.w.org\/{rel}","templated":true}]}}

<p align="left">Atelier bouturage et marcottage aux Jardins de Voltaire, dans le respect des valeurs de la permaculture. Ces ateliers sont animés par Daniel, qui nous guide avec passion grâce à ses précieuses connaissances.</p>
<p>Gratuit et ouvert au public (pensez a prendre vos bottes, vos gants et votre amour de la nature)</p>

<p>Atelier bouturage et marcottage aux Jardins de Voltaire, dans le respect des valeurs de la permaculture. Ces ateliers sont animés par Daniel, qui nous guide avec passion grâce à ses&#8230;</p>
