{"id":52373,"date":"2025-07-04T17:03:40","date_gmt":"2025-07-04T15:03:40","guid":{"rendered":"https:\/\/lesjardinsdevoltaire.fr\/?post_type=tribe_events&#038;p=52373"},"modified":"2025-07-06T13:00:47","modified_gmt":"2025-07-06T11:00:47","slug":"atelier-participatif-de-permaculture-adultes-7","status":"publish","type":"tribe_events","link":"https:\/\/lesjardinsdevoltaire.fr\/index.php\/event\/atelier-participatif-de-permaculture-adultes-7\/","title":{"rendered":"Atelier participatif de permaculture (Adultes)"},"content":{"rendered":"<p align=\"left\">Atelier exceptionnellement le matin pour profiter de la fraicheur. 8h &#8211; 10h30<\/p>\n<p align=\"left\">Participez \u00e0 l\u2019entretien, \u00e0 l\u2019am\u00e9nagement, aux semis et plantations dans le jardin de Voltaire, dans le respect des valeurs de la permaculture. Ces ateliers sont anim\u00e9s par Daniel, qui nous guide avec passion gr\u00e2ce \u00e0 ses pr\u00e9cieuses connaissances.<\/p>\n<p>Gratuit et r\u00e9serv\u00e9 aux adh\u00e9rents de l&rsquo;association<\/p>\n","protected":false},"excerpt":{"rendered":"<p>Atelier exceptionnellement le matin pour profiter de la fraicheur. 8h &#8211; 10h30 Participez \u00e0 l\u2019entretien, \u00e0 l\u2019am\u00e9nagement, aux semis et plantations dans le jardin de Voltaire, dans le respect des&#8230;<\/p>\n","protected":false},"author":1,"featured_media":0,"template":"","meta":{"_kadence_starter_templates_imported_post":false,"_kad_post_transparent":"","_kad_post_title":"","_kad_post_layout":"","_kad_post_sidebar_id":"","_kad_post_content_style":"","_kad_post_vertical_padding":"","_kad_post_feature":"","_kad_post_feature_position":"","_kad_post_header":false,"_kad_post_footer":false,"_tribe_events_status":"","_tribe_events_status_reason":"","footnotes":""},"tags":[],"tribe_events_cat":[],"class_list":["post-52373","tribe_events","type-tribe_events","status-publish","hentry"],"_links":{"self":[{"href":"https:\/\/lesjardinsdevoltaire.fr\/index.php\/wp-json\/wp\/v2\/tribe_events\/52373","targetHints":{"allow":["GET"]}}],"collection":[{"href":"https:\/\/lesjardinsdevoltaire.fr\/index.php\/wp-json\/wp\/v2\/tribe_events"}],"about":[{"href":"https:\/\/lesjardinsdevoltaire.fr\/index.php\/wp-json\/wp\/v2\/types\/tribe_events"}],"author":[{"embeddable":true,"href":"https:\/\/lesjardinsdevoltaire.fr\/index.php\/wp-json\/wp\/v2\/users\/1"}],"version-history":[{"count":1,"href":"https:\/\/lesjardinsdevoltaire.fr\/index.php\/wp-json\/wp\/v2\/tribe_events\/52373\/revisions"}],"predecessor-version":[{"id":52374,"href":"https:\/\/lesjardinsdevoltaire.fr\/index.php\/wp-json\/wp\/v2\/tribe_events\/52373\/revisions\/52374"}],"wp:attachment":[{"href":"https:\/\/lesjardinsdevoltaire.fr\/index.php\/wp-json\/wp\/v2\/media?parent=52373"}],"wp:term":[{"taxonomy":"post_tag","embeddable":true,"href":"https:\/\/lesjardinsdevoltaire.fr\/index.php\/wp-json\/wp\/v2\/tags?post=52373"},{"taxonomy":"tribe_events_cat","embeddable":true,"href":"https:\/\/lesjardinsdevoltaire.fr\/index.php\/wp-json\/wp\/v2\/tribe_events_cat?post=52373"}],"curies":[{"name":"wp","href":"https:\/\/api.w.org\/{rel}","templated":true}]}}

<p align="left">Atelier exceptionnellement le matin pour profiter de la fraicheur. 8h &#8211; 10h30</p>
<p align="left">Participez à l’entretien, à l’aménagement, aux semis et plantations dans le jardin de Voltaire, dans le respect des valeurs de la permaculture. Ces ateliers sont animés par Daniel, qui nous guide avec passion grâce à ses précieuses connaissances.</p>
<p>Gratuit et réservé aux adhérents de l&rsquo;association</p>

<p>Atelier exceptionnellement le matin pour profiter de la fraicheur. 8h &#8211; 10h30 Participez à l’entretien, à l’aménagement, aux semis et plantations dans le jardin de Voltaire, dans le respect des&#8230;</p>
